hat are the prime factors of 121499?
7, 17, 1021
List the prime factors of 8386.
2, 7, 599
What are the prime factors of 155489?
61, 2549
List the prime factors of 22133.
22133
What are the prime factors of 183682?
2, 91841
List the prime factors of 28818.
2, 3, 1601
List the prime factors of 125010.
2, 3, 5, 463
List the prime factors of 8829.
3, 109
List the prime factors of 5213.
13, 401
List the prime factors of 76499.
227, 337
What are the prime factors of 2622?
2, 3, 19, 23
List the prime factors of 5695.
5, 17, 67
List the prime factors of 3784.
2, 11, 43
What are the prime factors of 7670?
2, 5, 13, 59
What are the prime factors of 176?
2, 11
What are the prime factors of 1170?
2, 3, 5, 13
List the prime factors of 49927.
49927
List the prime factors of 19141.
19141
List the prime factors of 487.
487
What are the prime factors of 1751?
17, 103
What are the prime factors of 64677?
3, 21559
List the prime factors of 95468.
2, 29, 823
What are the prime factors of 11841?
3, 3947
What are the prime factors of 13713?
3, 7, 653
What are the prime factors of 1789?
1789
List the prime factors of 1397.
11, 127
What are the prime factors of 3016?
2, 13, 29
What are the prime factors of 59540?
2, 5, 13, 229
List the prime factors of 4078.
2, 2039
What are the prime factors of 5124?
2, 3, 7, 61
What are the prime factors of 95418?
2, 3, 19, 31
List the prime factors of 4391.
4391
List the prime factors of 7167.
3, 2389
List the prime factors of 3126.
2, 3, 521
What are the prime factors of 626?
2, 313
What are the prime factors of 15561?
3, 7, 13, 19
What are the prime factors of 50011?
13, 3847
List the prime factors of 2248.
2, 281
What are the prime factors of 34202?
2, 7, 349
List the prime factors of 2049.
3, 683
List the prime factors of 15847.
13, 23, 53
What are the prime factors of 92951?
92951
What are the prime factors of 12668?
2, 3167
List the prime factors of 10629.
3, 1181
What are the prime factors of 73984?
2, 17
What are the prime factors of 11264?
2, 11
List the prime factors of 379.
379
What are the prime factors of 702?
2, 3, 13
What are the prime factors of 75140?
2, 5, 13, 17
What are the prime factors of 2281?
2281
What are the prime factors of 158?
2, 79
List the prime factors of 1545.
3, 5, 103
What are the prime factors of 7611?
3, 43, 59
List the prime factors of 48570.
2, 3, 5, 1619
List the prime factors of 2376.
2, 3, 11
List the prime factors of 39844.
2, 7, 1423
What are the prime factors of 118934?
2, 59467
List the prime factors of 104390.
2, 5, 11, 13, 73
What are the prime factors of 364?
2, 7, 13
What are the prime factors of 59373?
3, 733
List the prime factors of 1098.
2, 3, 61
What are the prime factors of 198?
2, 3, 11
List the prime factors of 85887.
3, 3181
List the prime factors of 101.
101
List the prime factors of 42270.
2, 3, 5, 1409
What are the prime factors of 6701?
6701
List the prime factors of 1922.
2, 31
What are the prime factors of 2847?
3, 13, 73
List the prime factors of 57581.
71, 811
List the prime factors of 98717.
98717
What are the prime factors of 5248?
2, 41
List the prime factors of 10414.
2, 41, 127
What are the prime factors of 867?
3, 17
What are the prime factors of 11442?
2, 3, 1907
List the prime factors of 24130.
2, 5, 19, 127
List the prime factors of 21949.
47, 467
List the prime factors of 1996.
2, 499
List the prime factors of 120597.
3, 61, 659
What are the prime factors of 837?
3, 31
List the prime factors of 63230.
2, 5, 6323
What are the prime factors of 9448?
2, 1181
What are the prime factors of 770?
2, 5, 7, 11
What are the prime factors of 86279?
19, 239
What are the prime factors of 12007?
12007
List the prime factors of 827.
827
List the prime factors of 18091.
79, 229
What are the prime factors of 37751?
7, 5393
List the prime factors of 55947.
3, 17, 1097
List the prime factors of 5632.
2, 11
What are the prime factors of 5216?
2, 163
What are the prime factors of 108717?
3, 7, 31, 167
List the prime factors of 666.
2, 3, 37
List the prime factors of 70175.
5, 7, 401
List the prime factors of 36667.
37, 991
What are the prime factors of 3354?
2, 3, 13, 43
List the prime factors of 1193.
1193
List the prime factors of 6143.
6143
What are the prime factors of 27898?
2, 13, 29, 37
List the prime factors of 682.
2, 11, 31
What are the prime factors of 35724?
2, 3, 13, 229
List the prime factors of 789.
3, 263
What are the prime factors of 124275?
3, 5, 1657
What are the prime factors of 12901?
7, 19, 97
What are the prime factors of 12098?
2, 23, 263
What are the prime factors of 12973?
12973
What are the prime factors of 736?
2, 23
What are the prime factors of 465?
3, 5, 31
List the prime factors of 4054.
2, 2027
List the prime factors of 33306.
2, 3, 7, 13, 61
List the prime factors of 21171.
3, 7057
List the prime factors of 626.
2, 313
What are the prime factors of 506?
2, 11, 23
What are the prime factors of 139403?
11, 19, 23, 29
List the prime factors of 1552.
2, 97
What are the prime factors of 56199?
3, 11, 13, 131
List the prime factors of 12778.
2, 6389
What are the prime factors of 50795?
5, 10159
What are the prime factors of 36557?
139, 263
List the prime factors of 45039.
3, 15013
What are the prime factors of 89425?
5, 7, 73
List the prime factors of 105702.
2, 3, 79, 223
List the prime factors of 32559.
3, 10853
What are the prime factors of 4744?
2, 593
What are the prime factors of 16238?
2, 23, 353
What are the prime factors of 16058?
2, 7, 31, 37
What are the prime factors of 2396?
2, 599
List the prime factors of 22399.
13, 1723
List the prime factors of 6830.
2, 5, 683
List the prime factors of 2842.
2, 7, 29
What are the prime factors of 119195?
5, 31, 769
What are the prime factors of 101339?
7, 31, 467
List the prime factors of 111.
3, 37
List the prime factors of 126475.
5, 5059
List the prime factors of 744.
2, 3, 31
What are the prime factors of 9060?
2, 3, 5, 151
What are the prime factors of 131839?
131839
What are the prime factors of 8633?
89, 97
What are the prime factors of 149?
149
List the prime factors of 718.
2, 359
What are the prime factors of 911?
911
What are the prime factors of 41682?
2, 3, 6947
List the prime factors of 17542.
2, 7, 179
What are the prime factors of 3045?
3, 5, 7, 29
What are the prime factors of 15086?
2, 19, 397
What are the prime factors of 28984?
2, 3623
List the prime factors of 438.
2, 3, 73
List the prime factors of 1432.
2, 179
List the prime factors of 4129.
4129
What are the prime factors of 18029?
11, 149
What are the prime factors of 9997?
13, 769
What are the prime factors of 2156?
2, 7, 11
List the prime factors of 2655.
3, 5, 59
What are the prime factors of 44611?
7, 6373
List the prime factors of 19594.
2, 97, 101
List the prime factors of 10297.
7, 1471
List the prime factors of 5627.
17, 331
What are the prime factors of 77843?
17, 19, 241
List the prime factors of 79097.
19, 23, 181
What are the prime factors of 716?
2, 179
What are the prime factors of 8896?
2, 139
What are the prime factors of 8776?
2, 1097
What are the prime factors of 87881?
87881
List the prime factors of 881.
881
List the prime factors of 11637.
3, 431
What are the prime factors of 2366?
2, 7, 13
List the prime factors of 5646.
2, 3, 941
What are the prime factors of 1282?
2, 641
What are the prime factors of 14358?
2, 3, 2393
What are the prime factors of 4636?
2, 19, 61
List the prime factors of 1677.
3, 13, 43
What are the prime factors of 80128?
2, 313
What are the prime factors of 5448?
2, 3, 227
List the prime factors of 10316.
2, 2579
List the prime factors of 16036.
2, 19, 211
What are the prime factors of 76493?
76493
What are the prime factors of 3452?
2, 863
List the prime factors of 53102.
2, 7, 3793
What are the prime factors of 12492?
2, 3, 347
What are the prime factors of 1998?
2, 3, 37
What are the prime factors of 36326?
2, 41, 443
What are the prime factors of 1365?
3, 5, 7, 13
List the prime factors of 3272.
2, 409
What are the prime factors of 2?
2
What are the prime factors of 6998?
2, 3499
List the prime factors of 18391.
53, 347
List the prime factors of 369.
3, 41
List the prime factors of 28183.
28183
List the prime factors of 65158.
2, 32579
What are the prime factors of 571?
